{"id":19656,"date":"2026-01-06T17:45:27","date_gmt":"2026-01-06T17:45:27","guid":{"rendered":"https:\/\/phfoundation.net\/?page_id=19656"},"modified":"2026-01-06T18:29:45","modified_gmt":"2026-01-06T18:29:45","slug":"medical-disclaimer","status":"publish","type":"page","link":"https:\/\/phfoundation.net\/fr\/medical-disclaimer\/","title":{"rendered":"Avis de non-responsabilit\u00e9 m\u00e9dicale"},"content":{"rendered":"<p><\/p>\n\n\n\n<p><strong>Derni\u00e8re mise \u00e0 jour :<\/strong> 6 janvier 2026<\/p>\n\n\n\n<h4 class=\"wp-block-heading\">1. \u00c0 titre d'information uniquement<\/h4>\n\n\n\n<p>Le contenu du site web de la Fondation Protectiva pour la sant\u00e9, y compris les textes, les graphiques, les images et les articles de blog, est fourni \u00e0 des fins d'information g\u00e9n\u00e9rale et d'\u00e9ducation uniquement.<\/p>\n\n\n\n<h4 class=\"wp-block-heading\">2. Pas de conseil m\u00e9dical<\/h4>\n\n\n\n<p>Les informations fournies sont <strong>pas<\/strong> n'est pas destin\u00e9 \u00e0 se substituer \u00e0 un avis m\u00e9dical professionnel, \u00e0 un diagnostic ou \u00e0 un traitement. Demandez toujours l'avis de votre m\u00e9decin ou d'un autre professionnel de la sant\u00e9 qualifi\u00e9 pour toute question relative \u00e0 un \u00e9tat de sant\u00e9.<\/p>\n\n\n\n<h4 class=\"wp-block-heading\">3. Absence de relation m\u00e9decin-patient<\/h4>\n\n\n\n<p>L'utilisation de ce site web ou la communication avec nous par courrier \u00e9lectronique ne cr\u00e9e pas de relation m\u00e9decin-patient. Ne n\u00e9gligez jamais les conseils d'un professionnel de la sant\u00e9 et ne tardez pas \u00e0 les obtenir en raison de ce que vous avez lu sur ce site web.<\/p>\n\n\n\n<h4 class=\"wp-block-heading\">4. Exactitude des informations<\/h4>\n\n\n\n<p>Bien que nous nous efforcions de fournir des informations exactes et actualis\u00e9es sur la sant\u00e9, les connaissances m\u00e9dicales \u00e9voluent constamment. La Fondation Protectiva pour la sant\u00e9 ne fait aucune d\u00e9claration et n'assume aucune responsabilit\u00e9 quant \u00e0 l'exactitude des informations contenues ou disponibles sur ce site web.<\/p>","protected":false},"excerpt":{"rendered":"<p>Derni\u00e8re mise \u00e0 jour : 6 janvier 2026 1. \u00c0 des fins d'information uniquement Le contenu du site Web de la Fondation Protectiva pour la sant\u00e9, y compris les textes, les graphiques, les images et les articles de blog, est fourni \u00e0 des fins d'information g\u00e9n\u00e9rale et d'\u00e9ducation uniquement. 2. Pas de conseil m\u00e9dical Les informations fournies ne sont pas destin\u00e9es \u00e0 se substituer \u00e0 un conseil m\u00e9dical professionnel, \u00e0 un diagnostic ou \u00e0 un traitement. [...]<\/p>","protected":false},"author":1,"featured_media":0,"parent":0,"menu_order":0,"comment_status":"closed","ping_status":"closed","template":"template-homepage.php","meta":{"give_campaign_id":0,"footnotes":""},"class_list":["post-19656","page","type-page","status-publish","hentry"],"campaignId":"","jetpack_sharing_enabled":true,"_links":{"self":[{"href":"https:\/\/phfoundation.net\/fr\/wp-json\/wp\/v2\/pages\/19656","targetHints":{"allow":["GET"]}}],"collection":[{"href":"https:\/\/phfoundation.net\/fr\/wp-json\/wp\/v2\/pages"}],"about":[{"href":"https:\/\/phfoundation.net\/fr\/wp-json\/wp\/v2\/types\/page"}],"author":[{"embeddable":true,"href":"https:\/\/phfoundation.net\/fr\/wp-json\/wp\/v2\/users\/1"}],"replies":[{"embeddable":true,"href":"https:\/\/phfoundation.net\/fr\/wp-json\/wp\/v2\/comments?post=19656"}],"version-history":[{"count":0,"href":"https:\/\/phfoundation.net\/fr\/wp-json\/wp\/v2\/pages\/19656\/revisions"}],"wp:attachment":[{"href":"https:\/\/phfoundation.net\/fr\/wp-json\/wp\/v2\/media?parent=19656"}],"curies":[{"name":"wp","href":"https:\/\/api.w.org\/{rel}","templated":true}]}}

Avis de non-responsabilité médicale

<p></p>



<p><strong>Dernière mise à jour :</strong> 6 janvier 2026</p>



<h4 class="wp-block-heading">1. À titre d'information uniquement</h4>



<p>Le contenu du site web de la Fondation Protectiva pour la santé, y compris les textes, les graphiques, les images et les articles de blog, est fourni à des fins d'information générale et d'éducation uniquement.</p>



<h4 class="wp-block-heading">2. Pas de conseil médical</h4>



<p>Les informations fournies sont <strong>pas</strong> n'est pas destiné à se substituer à un avis médical professionnel, à un diagnostic ou à un traitement. Demandez toujours l'avis de votre médecin ou d'un autre professionnel de la santé qualifié pour toute question relative à un état de santé.</p>



<h4 class="wp-block-heading">3. Absence de relation médecin-patient</h4>



<p>L'utilisation de ce site web ou la communication avec nous par courrier électronique ne crée pas de relation médecin-patient. Ne négligez jamais les conseils d'un professionnel de la santé et ne tardez pas à les obtenir en raison de ce que vous avez lu sur ce site web.</p>



<h4 class="wp-block-heading">4. Exactitude des informations</h4>



<p>Bien que nous nous efforcions de fournir des informations exactes et actualisées sur la santé, les connaissances médicales évoluent constamment. La Fondation Protectiva pour la santé ne fait aucune déclaration et n'assume aucune responsabilité quant à l'exactitude des informations contenues ou disponibles sur ce site web.</p>

<p>Dernière mise à jour : 6 janvier 2026 1. À des fins d'information uniquement Le contenu du site Web de la Fondation Protectiva pour la santé, y compris les textes, les graphiques, les images et les articles de blog, est fourni à des fins d'information générale et d'éducation uniquement. 2. Pas de conseil médical Les informations fournies ne sont pas destinées à se substituer à un conseil médical professionnel, à un diagnostic ou à un traitement. [...]</p>
